{"id":235449,"date":"2022-05-23T14:02:21","date_gmt":"2022-05-23T14:02:21","guid":{"rendered":"https:\/\/catalog.planimport.hu\/wpress\/?post_type=product&#038;p=235449"},"modified":"2022-05-23T14:02:23","modified_gmt":"2022-05-23T14:02:23","slug":"gumipok-3-db-os","status":"publish","type":"product","link":"https:\/\/catalog.planimport.hu\/wpress\/termek\/gumipok-3-db-os\/","title":{"rendered":"Gumip\u00f3k 3 db-os"},"content":{"rendered":"","protected":false},"excerpt":{"rendered":"<p>A term\u00e9ket egys\u00e9genk\u00e9nt lehet megrendelni. 1 egys\u00e9g 200 db csomagot tartalmaz. 1 csomagban 3 db gumip\u00f3k tal\u00e1lhat\u00f3.<\/p>\n","protected":false},"featured_media":235176,"template":"","meta":{"_et_pb_use_builder":"","_et_pb_old_content":"","_et_gb_content_width":""},"product_cat":[25,94],"product_tag":[62],"class_list":["post-235449","product","type-product","status-publish","has-post-thumbnail","hentry","product_cat-barkacs-es-kerti-kiegeszitok","product_cat-napi-hasznalati-termekek","product_tag-gumipok"],"_links":{"self":[{"href":"https:\/\/catalog.planimport.hu\/wpress\/wp-json\/wp\/v2\/product\/235449","targetHints":{"allow":["GET"]}}],"collection":[{"href":"https:\/\/catalog.planimport.hu\/wpress\/wp-json\/wp\/v2\/product"}],"about":[{"href":"https:\/\/catalog.planimport.hu\/wpress\/wp-json\/wp\/v2\/types\/product"}],"wp:featuredmedia":[{"embeddable":true,"href":"https:\/\/catalog.planimport.hu\/wpress\/wp-json\/wp\/v2\/media\/235176"}],"wp:attachment":[{"href":"https:\/\/catalog.planimport.hu\/wpress\/wp-json\/wp\/v2\/media?parent=235449"}],"wp:term":[{"taxonomy":"product_cat","embeddable":true,"href":"https:\/\/catalog.planimport.hu\/wpress\/wp-json\/wp\/v2\/product_cat?post=235449"},{"taxonomy":"product_tag","embeddable":true,"href":"https:\/\/catalog.planimport.hu\/wpress\/wp-json\/wp\/v2\/product_tag?post=235449"}],"curies":[{"name":"wp","href":"https:\/\/api.w.org\/{rel}","templated":true}]}}