{"id":235454,"date":"2022-05-23T14:02:21","date_gmt":"2022-05-23T14:02:21","guid":{"rendered":"https:\/\/catalog.planimport.hu\/wpress\/?post_type=product&#038;p=235454"},"modified":"2022-05-23T14:02:24","modified_gmt":"2022-05-23T14:02:24","slug":"kerekparvillogo-elso-feher-2","status":"publish","type":"product","link":"https:\/\/catalog.planimport.hu\/wpress\/termek\/kerekparvillogo-elso-feher-2\/","title":{"rendered":"Ker\u00e9kp\u00e1rvillog\u00f3 &#8211; els\u0151 &#8211; feh\u00e9r"},"content":{"rendered":"","protected":false},"excerpt":{"rendered":"<p>A term\u00e9ket egys\u00e9genk\u00e9nt lehet megrendelni. 1 egys\u00e9g 300 db term\u00e9ket tartalmaz.<\/p>\n","protected":false},"featured_media":235138,"template":"","meta":{"_et_pb_use_builder":"","_et_pb_old_content":"","_et_gb_content_width":""},"product_cat":[71],"product_tag":[43,70,137],"class_list":["post-235454","product","type-product","status-publish","has-post-thumbnail","hentry","product_cat-kerekparos-kiegesztitok","product_tag-elso","product_tag-kerekpar","product_tag-villogo"],"_links":{"self":[{"href":"https:\/\/catalog.planimport.hu\/wpress\/wp-json\/wp\/v2\/product\/235454","targetHints":{"allow":["GET"]}}],"collection":[{"href":"https:\/\/catalog.planimport.hu\/wpress\/wp-json\/wp\/v2\/product"}],"about":[{"href":"https:\/\/catalog.planimport.hu\/wpress\/wp-json\/wp\/v2\/types\/product"}],"wp:featuredmedia":[{"embeddable":true,"href":"https:\/\/catalog.planimport.hu\/wpress\/wp-json\/wp\/v2\/media\/235138"}],"wp:attachment":[{"href":"https:\/\/catalog.planimport.hu\/wpress\/wp-json\/wp\/v2\/media?parent=235454"}],"wp:term":[{"taxonomy":"product_cat","embeddable":true,"href":"https:\/\/catalog.planimport.hu\/wpress\/wp-json\/wp\/v2\/product_cat?post=235454"},{"taxonomy":"product_tag","embeddable":true,"href":"https:\/\/catalog.planimport.hu\/wpress\/wp-json\/wp\/v2\/product_tag?post=235454"}],"curies":[{"name":"wp","href":"https:\/\/api.w.org\/{rel}","templated":true}]}}